{"version":"1.0","provider_name":"Il Libro - Libreria Internazionale","provider_url":"https:\/\/www.il-libro.it\/es\/","author_name":"Anna","author_url":"https:\/\/www.il-libro.it\/es\/author\/annak\/","title":"Das Feld - Il Libro - Libreria Internazionale","type":"rich","width":600,"height":338,"html":"<blockquote class=\"wp-embedded-content\"><a href=\"https:\/\/www.il-libro.it\/es\/das-feld\/\">Das Feld<\/a><\/blockquote>\n<script type='text\/javascript'>\n<!--\/\/--><![CDATA[\/\/><!--\n\t\t\/*! This file is auto-generated *\/\n\t\t!function(c,d){\"use strict\";var e=!1,n=!1;if(d.querySelector)if(c.addEventListener)e=!0;if(c.wp=c.wp||{},!c.wp.receiveEmbedMessage)if(c.wp.receiveEmbedMessage=function(e){var t=e.data;if(t)if(t.secret||t.message||t.value)if(!\/[^a-zA-Z0-9]\/.test(t.secret)){for(var r,a,i,s=d.querySelectorAll('iframe[data-secret=\"'+t.secret+'\"]'),n=d.querySelectorAll('blockquote[data-secret=\"'+t.secret+'\"]'),o=0;o<n.length;o++)n[o].style.display=\"none\";for(o=0;o<s.length;o++)if(r=s[o],e.source===r.contentWindow){if(r.removeAttribute(\"style\"),\"height\"===t.message){if(1e3<(i=parseInt(t.value,10)))i=1e3;else if(~~i<200)i=200;r.height=i}if(\"link\"===t.message)if(a=d.createElement(\"a\"),i=d.createElement(\"a\"),a.href=r.getAttribute(\"src\"),i.href=t.value,i.host===a.host)if(d.activeElement===r)c.top.location.href=t.value}}},e)c.addEventListener(\"message\",c.wp.receiveEmbedMessage,!1),d.addEventListener(\"DOMContentLoaded\",t,!1),c.addEventListener(\"load\",t,!1);function t(){if(!n){n=!0;for(var e,t,r=-1!==navigator.appVersion.indexOf(\"MSIE 10\"),a=!!navigator.userAgent.match(\/Trident.*rv:11\\.\/),i=d.querySelectorAll(\"iframe.wp-embedded-content\"),s=0;s<i.length;s++){if(!(e=i[s]).getAttribute(\"data-secret\"))t=Math.random().toString(36).substr(2,10),e.src+=\"#?secret=\"+t,e.setAttribute(\"data-secret\",t);if(r||a)(t=e.cloneNode(!0)).removeAttribute(\"security\"),e.parentNode.replaceChild(t,e)}}}}(window,document);\n\/\/--><!]]>\n<\/script><iframe sandbox=\"allow-scripts\" security=\"restricted\" src=\"https:\/\/www.il-libro.it\/es\/das-feld\/embed\/\" width=\"600\" height=\"338\" title=\"\u00abDas Feld\u00bb \u2014 Il Libro - Libreria Internazionale\" frameborder=\"0\" marginwidth=\"0\" marginheight=\"0\" scrolling=\"no\" class=\"wp-embedded-content\"><\/iframe>","thumbnail_url":"https:\/\/www.il-libro.it\/wp-content\/uploads\/2020\/07\/SeethalerFeld.jpg","thumbnail_width":1568,"thumbnail_height":2560,"description":"Literaturtreffen 01. Oktober 2020 um 19:00 Uhr &#8211; ONLINE Robert Seethaler \u201eDas Feld\u201d Der Erz\u00e4hler f\u00fchrt uns durch Paulstadt zum Freidhof, \u201cdas Feld\u201d, wie die Einheimischen ihn nennen. Hier sprechen die Toten. 29 B\u00fcrgerinnen und B\u00fcrger (29 Erz\u00e4hlungen in 29 Kapiteln) aus Paulstadt erz\u00e4hlen deren Lebensgeschichten \u00fcber den Tod hinaus. Wir k\u00f6nnen nur zuh\u00f6ren. Mit&hellip;"}

Literaturtreffen 01. Oktober 2020 um 19:00 Uhr &#8211; ONLINE Robert Seethaler „Das Feld” Der Erzähler führt uns durch Paulstadt zum Freidhof, “das Feld”, wie die Einheimischen ihn nennen. Hier sprechen die Toten. 29 Bürgerinnen und Bürger (29 Erzählungen in 29 Kapiteln) aus Paulstadt erzählen deren Lebensgeschichten über den Tod hinaus. Wir können nur zuhören. Mit&hellip;
