{"version":"1.0","provider_name":"Il Libro - Libreria Internazionale","provider_url":"https:\/\/www.il-libro.it\/es\/","author_name":"Marco Gironi","author_url":"https:\/\/www.il-libro.it\/es\/author\/jerosnj\/","title":"ESCUELAS Y PROFESORES - Il Libro - Libreria Internazionale","type":"rich","width":600,"height":338,"html":"<blockquote class=\"wp-embedded-content\"><a href=\"https:\/\/www.il-libro.it\/es\/escuelas-y-profesores\/\">ESCUELAS Y PROFESORES<\/a><\/blockquote>\n<script type='text\/javascript'>\n<!--\/\/--><![CDATA[\/\/><!--\n\t\t\/*! This file is auto-generated *\/\n\t\t!function(c,d){\"use strict\";var e=!1,n=!1;if(d.querySelector)if(c.addEventListener)e=!0;if(c.wp=c.wp||{},!c.wp.receiveEmbedMessage)if(c.wp.receiveEmbedMessage=function(e){var t=e.data;if(t)if(t.secret||t.message||t.value)if(!\/[^a-zA-Z0-9]\/.test(t.secret)){for(var r,a,i,s=d.querySelectorAll('iframe[data-secret=\"'+t.secret+'\"]'),n=d.querySelectorAll('blockquote[data-secret=\"'+t.secret+'\"]'),o=0;o<n.length;o++)n[o].style.display=\"none\";for(o=0;o<s.length;o++)if(r=s[o],e.source===r.contentWindow){if(r.removeAttribute(\"style\"),\"height\"===t.message){if(1e3<(i=parseInt(t.value,10)))i=1e3;else if(~~i<200)i=200;r.height=i}if(\"link\"===t.message)if(a=d.createElement(\"a\"),i=d.createElement(\"a\"),a.href=r.getAttribute(\"src\"),i.href=t.value,i.host===a.host)if(d.activeElement===r)c.top.location.href=t.value}}},e)c.addEventListener(\"message\",c.wp.receiveEmbedMessage,!1),d.addEventListener(\"DOMContentLoaded\",t,!1),c.addEventListener(\"load\",t,!1);function t(){if(!n){n=!0;for(var e,t,r=-1!==navigator.appVersion.indexOf(\"MSIE 10\"),a=!!navigator.userAgent.match(\/Trident.*rv:11\\.\/),i=d.querySelectorAll(\"iframe.wp-embedded-content\"),s=0;s<i.length;s++){if(!(e=i[s]).getAttribute(\"data-secret\"))t=Math.random().toString(36).substr(2,10),e.src+=\"#?secret=\"+t,e.setAttribute(\"data-secret\",t);if(r||a)(t=e.cloneNode(!0)).removeAttribute(\"security\"),e.parentNode.replaceChild(t,e)}}}}(window,document);\n\/\/--><!]]>\n<\/script><iframe sandbox=\"allow-scripts\" security=\"restricted\" src=\"https:\/\/www.il-libro.it\/es\/escuelas-y-profesores\/embed\/\" width=\"600\" height=\"338\" title=\"\u00abESCUELAS Y PROFESORES\u00bb \u2014 Il Libro - Libreria Internazionale\" frameborder=\"0\" marginwidth=\"0\" marginheight=\"0\" scrolling=\"no\" class=\"wp-embedded-content\"><\/iframe>","description":"[vc_row full_width=\u00bbstretch_row_content_no_spaces\u00bb][vc_column][vc_raw_html]JTNDc2VjdGlvbiUyMGNsYXNzJTNEJTIyaGVhZGVyLXBhZ2UlMjBibG9nLWhlYWRlci1ncmlkJTIyJTIwc3R5bGUlM0QlMjJiYWNrZ3JvdW5kLWltYWdlJTNBJTIwdXJsJTI4aHR0cHMlM0ElMkYlMkZzdGF0aWMucGV4ZWxzLmNvbSUyRnBob3RvcyUyRjI0Nzg5OSUyRnBleGVscy1waG90by0yNDc4OTkuanBlZyUyOSUyMiUzRSUwQSUwOSUzQ2RpdiUyMGNsYXNzJTNEJTIyY29udGFpbmVyJTIyJTNFJTBBJTA5JTA5JTNDc3BhbiUyMGNsYXNzJTNEJTIydGl0bGUtcGFnZSUyMiUzRUVzY3VlbGFzJTIwLSUyMFByb2Zlc29yZXMlM0MlMkZzcGFuJTNFJTBBJTA5JTNDJTJGZGl2JTNFJTBBJTNDJTJGc2VjdGlvbiUzRQ==[\/vc_raw_html][\/vc_column][\/vc_row][vc_row full_width=\u00bbstretch_row_content_no_spaces_content\u00bb][vc_column][vc_column_text]Desde hace 30 a\u00f1os la librer\u00eda il libro es el COMPA\u00d1ERO privilegiado de los PROFESORES DE LENGUA, disponiendo de una amplia gama de textos para el aprendizaje de lenguas. Nacida como librer\u00eda alemana, il libro, con el tiempo se ha desarrollado y especializado en el aprendizaje de diversas lenguas. Inicialmente las m\u00e1s cl\u00e1sicas,&hellip;"}

[vc_row full_width=»stretch_row_content_no_spaces»][vc_column][vc_raw_html]JTNDc2VjdGlvbiUyMGNsYXNzJTNEJTIyaGVhZGVyLXBhZ2UlMjBibG9nLWhlYWRlci1ncmlkJTIyJTIwc3R5bGUlM0QlMjJiYWNrZ3JvdW5kLWltYWdlJTNBJTIwdXJsJTI4aHR0cHMlM0ElMkYlMkZzdGF0aWMucGV4ZWxzLmNvbSUyRnBob3RvcyUyRjI0Nzg5OSUyRnBleGVscy1waG90by0yNDc4OTkuanBlZyUyOSUyMiUzRSUwQSUwOSUzQ2RpdiUyMGNsYXNzJTNEJTIyY29udGFpbmVyJTIyJTNFJTBBJTA5JTA5JTNDc3BhbiUyMGNsYXNzJTNEJTIydGl0bGUtcGFnZSUyMiUzRUVzY3VlbGFzJTIwLSUyMFByb2Zlc29yZXMlM0MlMkZzcGFuJTNFJTBBJTA5JTNDJTJGZGl2JTNFJTBBJTNDJTJGc2VjdGlvbiUzRQ==[/vc_raw_html][/vc_column][/vc_row][vc_row full_width=»stretch_row_content_no_spaces_content»][vc_column][vc_column_text]Desde hace 30 años la librería il libro es el COMPAÑERO privilegiado de los PROFESORES DE LENGUA, disponiendo de una amplia gama de textos para el aprendizaje de lenguas. Nacida como librería alemana, il libro, con el tiempo se ha desarrollado y especializado en el aprendizaje de diversas lenguas. Inicialmente las más clásicas,&hellip;
