{"id":62052,"date":"2019-01-22T17:29:46","date_gmt":"2019-01-22T16:29:46","guid":{"rendered":"http:\/\/www.il-libro.it\/?page_id=62052"},"modified":"2019-01-22T17:34:27","modified_gmt":"2019-01-22T16:34:27","slug":"trabaja-con-nosotros","status":"publish","type":"page","link":"https:\/\/www.il-libro.it\/es\/trabaja-con-nosotros\/","title":{"rendered":"TRABAJA CON NOSOTROS"},"content":{"rendered":"<p>[vc_row full_width=\u00bbstretch_row_content_no_spaces\u00bb][vc_column][vc_raw_html]JTNDc2VjdGlvbiUyMGNsYXNzJTNEJTIyaGVhZGVyLXBhZ2UlMjBibG9nLWhlYWRlci1ncmlkJTIyJTIwc3R5bGUlM0QlMjJiYWNrZ3JvdW5kLWltYWdlJTNBJTIwdXJsJTI4aHR0cCUzQSUyRiUyRnd3dy5tbGF3b3JsZC5jb20lMkZibG9nJTJGd3AtY29udGVudCUyRnVwbG9hZHMlMkYyMDE2JTJGMTElMkZsZXRzLXdvcmstdG9nZXRoZXIuanBnJTI5JTIyJTNFJTBBJTNDZGl2JTIwY2xhc3MlM0QlMjJjb250YWluZXIlMjIlM0UlMEElM0NzcGFuJTIwY2xhc3MlM0QlMjJ0aXRsZS1wYWdlJTIyJTNFVHJhYmFqYSUyMGNvbiUyMG5vc290cm9zJTNDJTJGc3BhbiUzRSUwQSUzQyUyRmRpdiUzRSUwQSUzQyUyRnNlY3Rpb24lM0U=[\/vc_raw_html][\/vc_column][\/vc_row][vc_row full_width=\u00bbstretch_row_content_no_spaces_content\u00bb][vc_column][vc_column_text]Actualmente la librer\u00eda il libro no esta ampliando su personal, pero siempre est\u00e1 interesada a recibir curriculums de personas interesadas para una posible oportunidad profesional en el futuro.<\/p>\n<p>Trat\u00e1ndose de una librer\u00eda especializada en el aprendizaje de las lenguas, il libro solicita como caracter\u00edsticas indispensables para e personal:<\/p>\n<ul>\n<li>\u00d3ptimo conocimiento de las lenguas ( como m\u00ednimo las siguientes: italiano, alem\u00e1n e ingl\u00e9s)<\/li>\n<li>Predisposici\u00f3n a la soluci\u00f3n de problemas<\/li>\n<li>Flexibilidad en el trabajo<\/li>\n<li>Capacidad de trabajo tanto individual como en grupo<\/li>\n<\/ul>\n<p>Enviad vuestro curriculum a la direcci\u00f3n de e-mail:\u00a0<strong><a href=\"mailto:info@www.il-libro.it\">info@www.il-libro.it<\/a><\/strong>[\/vc_column_text][\/vc_column][\/vc_row][vc_row][vc_column][vc_empty_space height=\u00bb120px\u00bb][\/vc_column][\/vc_row]<\/p>\n","protected":false},"excerpt":{"rendered":"<p>[vc_row full_width=\u00bbstretch_row_content_no_spaces\u00bb][vc_column][vc_raw_html]JTNDc2VjdGlvbiUyMGNsYXNzJTNEJTIyaGVhZGVyLXBhZ2UlMjBibG9nLWhlYWRlci1ncmlkJTIyJTIwc3R5bGUlM0QlMjJiYWNrZ3JvdW5kLWltYWdlJTNBJTIwdXJsJTI4aHR0cCUzQSUyRiUyRnd3dy5tbGF3b3JsZC5jb20lMkZibG9nJTJGd3AtY29udGVudCUyRnVwbG9hZHMlMkYyMDE2JTJGMTElMkZsZXRzLXdvcmstdG9nZXRoZXIuanBnJTI5JTIyJTNFJTBBJTNDZGl2JTIwY2xhc3MlM0QlMjJjb250YWluZXIlMjIlM0UlMEElM0NzcGFuJTIwY2xhc3MlM0QlMjJ0aXRsZS1wYWdlJTIyJTNFVHJhYmFqYSUyMGNvbiUyMG5vc290cm9zJTNDJTJGc3BhbiUzRSUwQSUzQyUyRmRpdiUzRSUwQSUzQyUyRnNlY3Rpb24lM0U=[\/vc_raw_html][\/vc_column][\/vc_row][vc_row full_width=\u00bbstretch_row_content_no_spaces_content\u00bb][vc_column][vc_column_text]Actualmente la librer\u00eda il libro no esta ampliando su personal, pero siempre est\u00e1 interesada a recibir curriculums de personas interesadas para una posible oportunidad profesional en el futuro. Trat\u00e1ndose de una librer\u00eda especializada en el aprendizaje de las lenguas, il libro solicita como caracter\u00edsticas indispensables para e personal: \u00d3ptimo conocimiento de las lenguas&hellip;<\/p>\n","protected":false},"author":3,"featured_media":0,"parent":0,"menu_order":0,"comment_status":"closed","ping_status":"closed","template":"","meta":[],"yoast_head":"<!-- This site is optimized with the Yoast SEO plugin v17.2.1 - https:\/\/yoast.com\/wordpress\/plugins\/seo\/ -->\n<title>TRABAJA CON NOSOTROS - Il Libro - Libreria Internazionale<\/title>\n<meta name=\"robots\" content=\"index, follow, max-snippet:-1, max-image-preview:large, max-video-preview:-1\" \/>\n<link rel=\"canonical\" href=\"https:\/\/www.il-libro.it\/es\/trabaja-con-nosotros\/\" \/>\n<meta property=\"og:locale\" content=\"es_ES\" \/>\n<meta property=\"og:type\" content=\"article\" \/>\n<meta property=\"og:title\" content=\"TRABAJA CON NOSOTROS - Il Libro - Libreria Internazionale\" \/>\n<meta property=\"og:description\" content=\"[vc_row full_width=\u00bbstretch_row_content_no_spaces\u00bb][vc_column][vc_raw_html]JTNDc2VjdGlvbiUyMGNsYXNzJTNEJTIyaGVhZGVyLXBhZ2UlMjBibG9nLWhlYWRlci1ncmlkJTIyJTIwc3R5bGUlM0QlMjJiYWNrZ3JvdW5kLWltYWdlJTNBJTIwdXJsJTI4aHR0cCUzQSUyRiUyRnd3dy5tbGF3b3JsZC5jb20lMkZibG9nJTJGd3AtY29udGVudCUyRnVwbG9hZHMlMkYyMDE2JTJGMTElMkZsZXRzLXdvcmstdG9nZXRoZXIuanBnJTI5JTIyJTNFJTBBJTNDZGl2JTIwY2xhc3MlM0QlMjJjb250YWluZXIlMjIlM0UlMEElM0NzcGFuJTIwY2xhc3MlM0QlMjJ0aXRsZS1wYWdlJTIyJTNFVHJhYmFqYSUyMGNvbiUyMG5vc290cm9zJTNDJTJGc3BhbiUzRSUwQSUzQyUyRmRpdiUzRSUwQSUzQyUyRnNlY3Rpb24lM0U=[\/vc_raw_html][\/vc_column][\/vc_row][vc_row full_width=\u00bbstretch_row_content_no_spaces_content\u00bb][vc_column][vc_column_text]Actualmente la librer\u00eda il libro no esta ampliando su personal, pero siempre est\u00e1 interesada a recibir curriculums de personas interesadas para una posible oportunidad profesional en el futuro. Trat\u00e1ndose de una librer\u00eda especializada en el aprendizaje de las lenguas, il libro solicita como caracter\u00edsticas indispensables para e personal: \u00d3ptimo conocimiento de las lenguas&hellip;\" \/>\n<meta property=\"og:url\" content=\"https:\/\/www.il-libro.it\/es\/trabaja-con-nosotros\/\" \/>\n<meta property=\"og:site_name\" content=\"Il Libro - Libreria Internazionale\" \/>\n<meta property=\"article:publisher\" content=\"https:\/\/www.facebook.com\/IL-LIBRO-Libreria-Internazionale-2127680667458029\/?fref=ts\" \/>\n<meta property=\"article:modified_time\" content=\"2019-01-22T16:34:27+00:00\" \/>\n<meta name=\"twitter:card\" content=\"summary_large_image\" \/>\n<meta name=\"twitter:label1\" content=\"Tiempo de lectura\" \/>\n\t<meta name=\"twitter:data1\" content=\"1 minuto\" \/>\n<script type=\"application\/ld+json\" class=\"yoast-schema-graph\">{\"@context\":\"https:\/\/schema.org\",\"@graph\":[{\"@type\":\"Organization\",\"@id\":\"https:\/\/www.il-libro.it\/#organization\",\"name\":\"il libro libreria internazionale\",\"url\":\"https:\/\/www.il-libro.it\/\",\"sameAs\":[\"https:\/\/www.facebook.com\/IL-LIBRO-Libreria-Internazionale-2127680667458029\/?fref=ts\",\"https:\/\/www.instagram.com\/il.libro.internazionale\/\"],\"logo\":{\"@type\":\"ImageObject\",\"@id\":\"https:\/\/www.il-libro.it\/#logo\",\"inLanguage\":\"es\",\"url\":\"https:\/\/www.il-libro.it\/wp-content\/uploads\/2017\/03\/logo.png\",\"contentUrl\":\"https:\/\/www.il-libro.it\/wp-content\/uploads\/2017\/03\/logo.png\",\"width\":180,\"height\":90,\"caption\":\"il libro libreria internazionale\"},\"image\":{\"@id\":\"https:\/\/www.il-libro.it\/#logo\"}},{\"@type\":\"WebSite\",\"@id\":\"https:\/\/www.il-libro.it\/#website\",\"url\":\"https:\/\/www.il-libro.it\/\",\"name\":\"Il Libro - Libreria Internazionale\",\"description\":\"Benvenuti nella libreria internazionale\",\"publisher\":{\"@id\":\"https:\/\/www.il-libro.it\/#organization\"},\"potentialAction\":[{\"@type\":\"SearchAction\",\"target\":{\"@type\":\"EntryPoint\",\"urlTemplate\":\"https:\/\/www.il-libro.it\/?s={search_term_string}\"},\"query-input\":\"required name=search_term_string\"}],\"inLanguage\":\"es\"},{\"@type\":\"WebPage\",\"@id\":\"https:\/\/www.il-libro.it\/es\/trabaja-con-nosotros\/#webpage\",\"url\":\"https:\/\/www.il-libro.it\/es\/trabaja-con-nosotros\/\",\"name\":\"TRABAJA CON NOSOTROS - Il Libro - Libreria Internazionale\",\"isPartOf\":{\"@id\":\"https:\/\/www.il-libro.it\/#website\"},\"datePublished\":\"2019-01-22T16:29:46+00:00\",\"dateModified\":\"2019-01-22T16:34:27+00:00\",\"breadcrumb\":{\"@id\":\"https:\/\/www.il-libro.it\/es\/trabaja-con-nosotros\/#breadcrumb\"},\"inLanguage\":\"es\",\"potentialAction\":[{\"@type\":\"ReadAction\",\"target\":[\"https:\/\/www.il-libro.it\/es\/trabaja-con-nosotros\/\"]}]},{\"@type\":\"BreadcrumbList\",\"@id\":\"https:\/\/www.il-libro.it\/es\/trabaja-con-nosotros\/#breadcrumb\",\"itemListElement\":[{\"@type\":\"ListItem\",\"position\":1,\"name\":\"Home\",\"item\":\"https:\/\/www.il-libro.it\/es\/\"},{\"@type\":\"ListItem\",\"position\":2,\"name\":\"TRABAJA CON NOSOTROS\"}]}]}<\/script>\n<!-- \/ Yoast SEO plugin. -->","yoast_head_json":{"title":"TRABAJA CON NOSOTROS - Il Libro - Libreria Internazionale","robots":{"index":"index","follow":"follow","max-snippet":"max-snippet:-1","max-image-preview":"max-image-preview:large","max-video-preview":"max-video-preview:-1"},"canonical":"https:\/\/www.il-libro.it\/es\/trabaja-con-nosotros\/","og_locale":"es_ES","og_type":"article","og_title":"TRABAJA CON NOSOTROS - Il Libro - Libreria Internazionale","og_description":"[vc_row full_width=\u00bbstretch_row_content_no_spaces\u00bb][vc_column][vc_raw_html]JTNDc2VjdGlvbiUyMGNsYXNzJTNEJTIyaGVhZGVyLXBhZ2UlMjBibG9nLWhlYWRlci1ncmlkJTIyJTIwc3R5bGUlM0QlMjJiYWNrZ3JvdW5kLWltYWdlJTNBJTIwdXJsJTI4aHR0cCUzQSUyRiUyRnd3dy5tbGF3b3JsZC5jb20lMkZibG9nJTJGd3AtY29udGVudCUyRnVwbG9hZHMlMkYyMDE2JTJGMTElMkZsZXRzLXdvcmstdG9nZXRoZXIuanBnJTI5JTIyJTNFJTBBJTNDZGl2JTIwY2xhc3MlM0QlMjJjb250YWluZXIlMjIlM0UlMEElM0NzcGFuJTIwY2xhc3MlM0QlMjJ0aXRsZS1wYWdlJTIyJTNFVHJhYmFqYSUyMGNvbiUyMG5vc290cm9zJTNDJTJGc3BhbiUzRSUwQSUzQyUyRmRpdiUzRSUwQSUzQyUyRnNlY3Rpb24lM0U=[\/vc_raw_html][\/vc_column][\/vc_row][vc_row full_width=\u00bbstretch_row_content_no_spaces_content\u00bb][vc_column][vc_column_text]Actualmente la librer\u00eda il libro no esta ampliando su personal, pero siempre est\u00e1 interesada a recibir curriculums de personas interesadas para una posible oportunidad profesional en el futuro. Trat\u00e1ndose de una librer\u00eda especializada en el aprendizaje de las lenguas, il libro solicita como caracter\u00edsticas indispensables para e personal: \u00d3ptimo conocimiento de las lenguas&hellip;","og_url":"https:\/\/www.il-libro.it\/es\/trabaja-con-nosotros\/","og_site_name":"Il Libro - Libreria Internazionale","article_publisher":"https:\/\/www.facebook.com\/IL-LIBRO-Libreria-Internazionale-2127680667458029\/?fref=ts","article_modified_time":"2019-01-22T16:34:27+00:00","twitter_card":"summary_large_image","twitter_misc":{"Tiempo de lectura":"1 minuto"},"schema":{"@context":"https:\/\/schema.org","@graph":[{"@type":"Organization","@id":"https:\/\/www.il-libro.it\/#organization","name":"il libro libreria internazionale","url":"https:\/\/www.il-libro.it\/","sameAs":["https:\/\/www.facebook.com\/IL-LIBRO-Libreria-Internazionale-2127680667458029\/?fref=ts","https:\/\/www.instagram.com\/il.libro.internazionale\/"],"logo":{"@type":"ImageObject","@id":"https:\/\/www.il-libro.it\/#logo","inLanguage":"es","url":"https:\/\/www.il-libro.it\/wp-content\/uploads\/2017\/03\/logo.png","contentUrl":"https:\/\/www.il-libro.it\/wp-content\/uploads\/2017\/03\/logo.png","width":180,"height":90,"caption":"il libro libreria internazionale"},"image":{"@id":"https:\/\/www.il-libro.it\/#logo"}},{"@type":"WebSite","@id":"https:\/\/www.il-libro.it\/#website","url":"https:\/\/www.il-libro.it\/","name":"Il Libro - Libreria Internazionale","description":"Benvenuti nella libreria internazionale","publisher":{"@id":"https:\/\/www.il-libro.it\/#organization"},"potentialAction":[{"@type":"SearchAction","target":{"@type":"EntryPoint","urlTemplate":"https:\/\/www.il-libro.it\/?s={search_term_string}"},"query-input":"required name=search_term_string"}],"inLanguage":"es"},{"@type":"WebPage","@id":"https:\/\/www.il-libro.it\/es\/trabaja-con-nosotros\/#webpage","url":"https:\/\/www.il-libro.it\/es\/trabaja-con-nosotros\/","name":"TRABAJA CON NOSOTROS - Il Libro - Libreria Internazionale","isPartOf":{"@id":"https:\/\/www.il-libro.it\/#website"},"datePublished":"2019-01-22T16:29:46+00:00","dateModified":"2019-01-22T16:34:27+00:00","breadcrumb":{"@id":"https:\/\/www.il-libro.it\/es\/trabaja-con-nosotros\/#breadcrumb"},"inLanguage":"es","potentialAction":[{"@type":"ReadAction","target":["https:\/\/www.il-libro.it\/es\/trabaja-con-nosotros\/"]}]},{"@type":"BreadcrumbList","@id":"https:\/\/www.il-libro.it\/es\/trabaja-con-nosotros\/#breadcrumb","itemListElement":[{"@type":"ListItem","position":1,"name":"Home","item":"https:\/\/www.il-libro.it\/es\/"},{"@type":"ListItem","position":2,"name":"TRABAJA CON NOSOTROS"}]}]}},"_links":{"self":[{"href":"https:\/\/www.il-libro.it\/es\/wp-json\/wp\/v2\/pages\/62052"}],"collection":[{"href":"https:\/\/www.il-libro.it\/es\/wp-json\/wp\/v2\/pages"}],"about":[{"href":"https:\/\/www.il-libro.it\/es\/wp-json\/wp\/v2\/types\/page"}],"author":[{"embeddable":true,"href":"https:\/\/www.il-libro.it\/es\/wp-json\/wp\/v2\/users\/3"}],"replies":[{"embeddable":true,"href":"https:\/\/www.il-libro.it\/es\/wp-json\/wp\/v2\/comments?post=62052"}],"version-history":[{"count":0,"href":"https:\/\/www.il-libro.it\/es\/wp-json\/wp\/v2\/pages\/62052\/revisions"}],"wp:attachment":[{"href":"https:\/\/www.il-libro.it\/es\/wp-json\/wp\/v2\/media?parent=62052"}],"curies":[{"name":"wp","href":"https:\/\/api.w.org\/{rel}","templated":true}]}}

<p>[vc_row full_width=»stretch_row_content_no_spaces»][vc_column][vc_raw_html]JTNDc2VjdGlvbiUyMGNsYXNzJTNEJTIyaGVhZGVyLXBhZ2UlMjBibG9nLWhlYWRlci1ncmlkJTIyJTIwc3R5bGUlM0QlMjJiYWNrZ3JvdW5kLWltYWdlJTNBJTIwdXJsJTI4aHR0cCUzQSUyRiUyRnd3dy5tbGF3b3JsZC5jb20lMkZibG9nJTJGd3AtY29udGVudCUyRnVwbG9hZHMlMkYyMDE2JTJGMTElMkZsZXRzLXdvcmstdG9nZXRoZXIuanBnJTI5JTIyJTNFJTBBJTNDZGl2JTIwY2xhc3MlM0QlMjJjb250YWluZXIlMjIlM0UlMEElM0NzcGFuJTIwY2xhc3MlM0QlMjJ0aXRsZS1wYWdlJTIyJTNFVHJhYmFqYSUyMGNvbiUyMG5vc290cm9zJTNDJTJGc3BhbiUzRSUwQSUzQyUyRmRpdiUzRSUwQSUzQyUyRnNlY3Rpb24lM0U=[/vc_raw_html][/vc_column][/vc_row][vc_row full_width=»stretch_row_content_no_spaces_content»][vc_column][vc_column_text]Actualmente la librería il libro no esta ampliando su personal, pero siempre está interesada a recibir curriculums de personas interesadas para una posible oportunidad profesional en el futuro.</p>
<p>Tratándose de una librería especializada en el aprendizaje de las lenguas, il libro solicita como características indispensables para e personal:</p>
<ul>
<li>Óptimo conocimiento de las lenguas ( como mínimo las siguientes: italiano, alemán e inglés)</li>
<li>Predisposición a la solución de problemas</li>
<li>Flexibilidad en el trabajo</li>
<li>Capacidad de trabajo tanto individual como en grupo</li>
</ul>
<p>Enviad vuestro curriculum a la dirección de e-mail: <strong><a href="mailto:info@www.il-libro.it">info@www.il-libro.it</a></strong>[/vc_column_text][/vc_column][/vc_row][vc_row][vc_column][vc_empty_space height=»120px»][/vc_column][/vc_row]</p>

<p>[vc_row full_width=»stretch_row_content_no_spaces»][vc_column][vc_raw_html]JTNDc2VjdGlvbiUyMGNsYXNzJTNEJTIyaGVhZGVyLXBhZ2UlMjBibG9nLWhlYWRlci1ncmlkJTIyJTIwc3R5bGUlM0QlMjJiYWNrZ3JvdW5kLWltYWdlJTNBJTIwdXJsJTI4aHR0cCUzQSUyRiUyRnd3dy5tbGF3b3JsZC5jb20lMkZibG9nJTJGd3AtY29udGVudCUyRnVwbG9hZHMlMkYyMDE2JTJGMTElMkZsZXRzLXdvcmstdG9nZXRoZXIuanBnJTI5JTIyJTNFJTBBJTNDZGl2JTIwY2xhc3MlM0QlMjJjb250YWluZXIlMjIlM0UlMEElM0NzcGFuJTIwY2xhc3MlM0QlMjJ0aXRsZS1wYWdlJTIyJTNFVHJhYmFqYSUyMGNvbiUyMG5vc290cm9zJTNDJTJGc3BhbiUzRSUwQSUzQyUyRmRpdiUzRSUwQSUzQyUyRnNlY3Rpb24lM0U=[/vc_raw_html][/vc_column][/vc_row][vc_row full_width=»stretch_row_content_no_spaces_content»][vc_column][vc_column_text]Actualmente la librería il libro no esta ampliando su personal, pero siempre está interesada a recibir curriculums de personas interesadas para una posible oportunidad profesional en el futuro. Tratándose de una librería especializada en el aprendizaje de las lenguas, il libro solicita como características indispensables para e personal: Óptimo conocimiento de las lenguas&hellip;</p>

<!-- This site is optimized with the Yoast SEO plugin v17.2.1 - https://yoast.com/wordpress/plugins/seo/ -->
<title>TRABAJA CON NOSOTROS - Il Libro - Libreria Internazionale</title>
<meta name="robots" content="index, follow, max-snippet:-1, max-image-preview:large, max-video-preview:-1" />
<link rel="canonical" href="https://www.il-libro.it/es/trabaja-con-nosotros/" />
<meta property="og:locale" content="es_ES" />
<meta property="og:type" content="article" />
<meta property="og:title" content="TRABAJA CON NOSOTROS - Il Libro - Libreria Internazionale" />
<meta property="og:description" content="[vc_row full_width=»stretch_row_content_no_spaces»][vc_column][vc_raw_html]JTNDc2VjdGlvbiUyMGNsYXNzJTNEJTIyaGVhZGVyLXBhZ2UlMjBibG9nLWhlYWRlci1ncmlkJTIyJTIwc3R5bGUlM0QlMjJiYWNrZ3JvdW5kLWltYWdlJTNBJTIwdXJsJTI4aHR0cCUzQSUyRiUyRnd3dy5tbGF3b3JsZC5jb20lMkZibG9nJTJGd3AtY29udGVudCUyRnVwbG9hZHMlMkYyMDE2JTJGMTElMkZsZXRzLXdvcmstdG9nZXRoZXIuanBnJTI5JTIyJTNFJTBBJTNDZGl2JTIwY2xhc3MlM0QlMjJjb250YWluZXIlMjIlM0UlMEElM0NzcGFuJTIwY2xhc3MlM0QlMjJ0aXRsZS1wYWdlJTIyJTNFVHJhYmFqYSUyMGNvbiUyMG5vc290cm9zJTNDJTJGc3BhbiUzRSUwQSUzQyUyRmRpdiUzRSUwQSUzQyUyRnNlY3Rpb24lM0U=[/vc_raw_html][/vc_column][/vc_row][vc_row full_width=»stretch_row_content_no_spaces_content»][vc_column][vc_column_text]Actualmente la librería il libro no esta ampliando su personal, pero siempre está interesada a recibir curriculums de personas interesadas para una posible oportunidad profesional en el futuro. Tratándose de una librería especializada en el aprendizaje de las lenguas, il libro solicita como características indispensables para e personal: Óptimo conocimiento de las lenguas&hellip;" />
<meta property="og:url" content="https://www.il-libro.it/es/trabaja-con-nosotros/" />
<meta property="og:site_name" content="Il Libro - Libreria Internazionale" />
<meta property="article:publisher" content="https://www.facebook.com/IL-LIBRO-Libreria-Internazionale-2127680667458029/?fref=ts" />
<meta property="article:modified_time" content="2019-01-22T16:34:27+00:00" />
<meta name="twitter:card" content="summary_large_image" />
<meta name="twitter:label1" content="Tiempo de lectura" />
	<meta name="twitter:data1" content="1 minuto" />
<script type="application/ld+json" class="yoast-schema-graph">{"@context":"https://schema.org","@graph":[{"@type":"Organization","@id":"https://www.il-libro.it/#organization","name":"il libro libreria internazionale","url":"https://www.il-libro.it/","sameAs":["https://www.facebook.com/IL-LIBRO-Libreria-Internazionale-2127680667458029/?fref=ts","https://www.instagram.com/il.libro.internazionale/"],"logo":{"@type":"ImageObject","@id":"https://www.il-libro.it/#logo","inLanguage":"es","url":"https://www.il-libro.it/wp-content/uploads/2017/03/logo.png","contentUrl":"https://www.il-libro.it/wp-content/uploads/2017/03/logo.png","width":180,"height":90,"caption":"il libro libreria internazionale"},"image":{"@id":"https://www.il-libro.it/#logo"}},{"@type":"WebSite","@id":"https://www.il-libro.it/#website","url":"https://www.il-libro.it/","name":"Il Libro - Libreria Internazionale","description":"Benvenuti nella libreria internazionale","publisher":{"@id":"https://www.il-libro.it/#organization"},"potentialAction":[{"@type":"SearchAction","target":{"@type":"EntryPoint","urlTemplate":"https://www.il-libro.it/?s={search_term_string}"},"query-input":"required name=search_term_string"}],"inLanguage":"es"},{"@type":"WebPage","@id":"https://www.il-libro.it/es/trabaja-con-nosotros/#webpage","url":"https://www.il-libro.it/es/trabaja-con-nosotros/","name":"TRABAJA CON NOSOTROS - Il Libro - Libreria Internazionale","isPartOf":{"@id":"https://www.il-libro.it/#website"},"datePublished":"2019-01-22T16:29:46+00:00","dateModified":"2019-01-22T16:34:27+00:00","breadcrumb":{"@id":"https://www.il-libro.it/es/trabaja-con-nosotros/#breadcrumb"},"inLanguage":"es","potentialAction":[{"@type":"ReadAction","target":["https://www.il-libro.it/es/trabaja-con-nosotros/"]}]},{"@type":"BreadcrumbList","@id":"https://www.il-libro.it/es/trabaja-con-nosotros/#breadcrumb","itemListElement":[{"@type":"ListItem","position":1,"name":"Home","item":"https://www.il-libro.it/es/"},{"@type":"ListItem","position":2,"name":"TRABAJA CON NOSOTROS"}]}]}</script>
<!-- / Yoast SEO plugin. -->

[vc_row full_width=»stretch_row_content_no_spaces»][vc_column][vc_raw_html]JTNDc2VjdGlvbiUyMGNsYXNzJTNEJTIyaGVhZGVyLXBhZ2UlMjBibG9nLWhlYWRlci1ncmlkJTIyJTIwc3R5bGUlM0QlMjJiYWNrZ3JvdW5kLWltYWdlJTNBJTIwdXJsJTI4aHR0cCUzQSUyRiUyRnd3dy5tbGF3b3JsZC5jb20lMkZibG9nJTJGd3AtY29udGVudCUyRnVwbG9hZHMlMkYyMDE2JTJGMTElMkZsZXRzLXdvcmstdG9nZXRoZXIuanBnJTI5JTIyJTNFJTBBJTNDZGl2JTIwY2xhc3MlM0QlMjJjb250YWluZXIlMjIlM0UlMEElM0NzcGFuJTIwY2xhc3MlM0QlMjJ0aXRsZS1wYWdlJTIyJTNFVHJhYmFqYSUyMGNvbiUyMG5vc290cm9zJTNDJTJGc3BhbiUzRSUwQSUzQyUyRmRpdiUzRSUwQSUzQyUyRnNlY3Rpb24lM0U=[/vc_raw_html][/vc_column][/vc_row][vc_row full_width=»stretch_row_content_no_spaces_content»][vc_column][vc_column_text]Actualmente la librería il libro no esta ampliando su personal, pero siempre está interesada a recibir curriculums de personas interesadas para una posible oportunidad profesional en el futuro. Tratándose de una librería especializada en el aprendizaje de las lenguas, il libro solicita como características indispensables para e personal: Óptimo conocimiento de las lenguas&hellip;
