{"id":61987,"date":"2019-01-18T14:35:47","date_gmt":"2019-01-18T13:35:47","guid":{"rendered":"http:\/\/www.il-libro.it\/?page_id=61987"},"modified":"2019-01-18T14:37:35","modified_gmt":"2019-01-18T13:37:35","slug":"offre-demploi","status":"publish","type":"page","link":"https:\/\/www.il-libro.it\/fr\/offre-demploi\/","title":{"rendered":"Offre d&#8217;emploi"},"content":{"rendered":"<p>[vc_row full_width=\u00a0\u00bbstretch_row_content_no_spaces\u00a0\u00bb][vc_column][vc_raw_html]JTNDc2VjdGlvbiUyMGNsYXNzJTNEJTIyaGVhZGVyLXBhZ2UlMjBibG9nLWhlYWRlci1ncmlkJTIyJTIwc3R5bGUlM0QlMjJiYWNrZ3JvdW5kLWltYWdlJTNBJTIwdXJsJTI4aHR0cCUzQSUyRiUyRnd3dy5tbGF3b3JsZC5jb20lMkZibG9nJTJGd3AtY29udGVudCUyRnVwbG9hZHMlMkYyMDE2JTJGMTElMkZsZXRzLXdvcmstdG9nZXRoZXIuanBnJTI5JTIyJTNFJTBBJTNDZGl2JTIwY2xhc3MlM0QlMjJjb250YWluZXIlMjIlM0UlMEElM0NzcGFuJTIwY2xhc3MlM0QlMjJ0aXRsZS1wYWdlJTIyJTNFT2ZmcmUlMjBkJTI3ZW1wbG9pJTNDJTJGc3BhbiUzRSUwQSUzQyUyRmRpdiUzRSUwQSUzQyUyRnNlY3Rpb24lM0U=[\/vc_raw_html][\/vc_column][\/vc_row][vc_row full_width=\u00a0\u00bbstretch_row_content_no_spaces_content\u00a0\u00bb][vc_column][vc_column_text]A ce jour nous ne sommes pas \u00e0 la recherche de personnel suppl\u00e9mentaire. Cependant si vous correspondez aux crit\u00e8res ci-dessous, vous pouvez nous faire parvenir votre CV, nous ne manquerons pas de vous contacter en cas d\u2019\u00e9ventuels besoins ult\u00e9rieurs.<\/p>\n<ul>\n<li>Tr\u00e8s bonne ma\u00eetrise des langues \u00e9trang\u00e8res (Sont indispensables au moins les trois langues suivantes: italien, allemand et anglais)<\/li>\n<li>Capacit\u00e9s de r\u00e9solution de probl\u00e8mes,<\/li>\n<li>Flexibilit\u00e9,<\/li>\n<li>Capacit\u00e9 de travail en groupe et en autonomie.<\/li>\n<\/ul>\n<p>&nbsp;<\/p>\n<p>Vous pouvez nous faire parvenir votre CV par mail \u00e0 l\u2019adresse\u00a0<strong><a href=\"mailto:info@www.il-libro.it\">info@www.il-libro.it<\/a><\/strong>[\/vc_column_text][\/vc_column][\/vc_row][vc_row][vc_column][vc_empty_space height=\u00a0\u00bb120px\u00a0\u00bb][\/vc_column][\/vc_row]<\/p>\n","protected":false},"excerpt":{"rendered":"<p>[vc_row full_width=\u00a0\u00bbstretch_row_content_no_spaces\u00a0\u00bb][vc_column][vc_raw_html]JTNDc2VjdGlvbiUyMGNsYXNzJTNEJTIyaGVhZGVyLXBhZ2UlMjBibG9nLWhlYWRlci1ncmlkJTIyJTIwc3R5bGUlM0QlMjJiYWNrZ3JvdW5kLWltYWdlJTNBJTIwdXJsJTI4aHR0cCUzQSUyRiUyRnd3dy5tbGF3b3JsZC5jb20lMkZibG9nJTJGd3AtY29udGVudCUyRnVwbG9hZHMlMkYyMDE2JTJGMTElMkZsZXRzLXdvcmstdG9nZXRoZXIuanBnJTI5JTIyJTNFJTBBJTNDZGl2JTIwY2xhc3MlM0QlMjJjb250YWluZXIlMjIlM0UlMEElM0NzcGFuJTIwY2xhc3MlM0QlMjJ0aXRsZS1wYWdlJTIyJTNFT2ZmcmUlMjBkJTI3ZW1wbG9pJTNDJTJGc3BhbiUzRSUwQSUzQyUyRmRpdiUzRSUwQSUzQyUyRnNlY3Rpb24lM0U=[\/vc_raw_html][\/vc_column][\/vc_row][vc_row full_width=\u00a0\u00bbstretch_row_content_no_spaces_content\u00a0\u00bb][vc_column][vc_column_text]A ce jour nous ne sommes pas \u00e0 la recherche de personnel suppl\u00e9mentaire. Cependant si vous correspondez aux crit\u00e8res ci-dessous, vous pouvez nous faire parvenir votre CV, nous ne manquerons pas de vous contacter en cas d\u2019\u00e9ventuels besoins ult\u00e9rieurs. Tr\u00e8s bonne ma\u00eetrise des langues \u00e9trang\u00e8res (Sont indispensables au moins les trois langues suivantes:&hellip;<\/p>\n","protected":false},"author":3,"featured_media":0,"parent":0,"menu_order":0,"comment_status":"closed","ping_status":"closed","template":"","meta":[],"yoast_head":"<!-- This site is optimized with the Yoast SEO plugin v17.2.1 - https:\/\/yoast.com\/wordpress\/plugins\/seo\/ -->\n<title>Offre d&#039;emploi - Il Libro - Libreria Internazionale<\/title>\n<meta name=\"robots\" content=\"index, follow, max-snippet:-1, max-image-preview:large, max-video-preview:-1\" \/>\n<link rel=\"canonical\" href=\"https:\/\/www.il-libro.it\/fr\/offre-demploi\/\" \/>\n<meta property=\"og:locale\" content=\"fr_FR\" \/>\n<meta property=\"og:type\" content=\"article\" \/>\n<meta property=\"og:title\" content=\"Offre d&#039;emploi - Il Libro - Libreria Internazionale\" \/>\n<meta property=\"og:description\" content=\"[vc_row full_width=\u00a0\u00bbstretch_row_content_no_spaces\u00a0\u00bb][vc_column][vc_raw_html]JTNDc2VjdGlvbiUyMGNsYXNzJTNEJTIyaGVhZGVyLXBhZ2UlMjBibG9nLWhlYWRlci1ncmlkJTIyJTIwc3R5bGUlM0QlMjJiYWNrZ3JvdW5kLWltYWdlJTNBJTIwdXJsJTI4aHR0cCUzQSUyRiUyRnd3dy5tbGF3b3JsZC5jb20lMkZibG9nJTJGd3AtY29udGVudCUyRnVwbG9hZHMlMkYyMDE2JTJGMTElMkZsZXRzLXdvcmstdG9nZXRoZXIuanBnJTI5JTIyJTNFJTBBJTNDZGl2JTIwY2xhc3MlM0QlMjJjb250YWluZXIlMjIlM0UlMEElM0NzcGFuJTIwY2xhc3MlM0QlMjJ0aXRsZS1wYWdlJTIyJTNFT2ZmcmUlMjBkJTI3ZW1wbG9pJTNDJTJGc3BhbiUzRSUwQSUzQyUyRmRpdiUzRSUwQSUzQyUyRnNlY3Rpb24lM0U=[\/vc_raw_html][\/vc_column][\/vc_row][vc_row full_width=\u00a0\u00bbstretch_row_content_no_spaces_content\u00a0\u00bb][vc_column][vc_column_text]A ce jour nous ne sommes pas \u00e0 la recherche de personnel suppl\u00e9mentaire. Cependant si vous correspondez aux crit\u00e8res ci-dessous, vous pouvez nous faire parvenir votre CV, nous ne manquerons pas de vous contacter en cas d\u2019\u00e9ventuels besoins ult\u00e9rieurs. Tr\u00e8s bonne ma\u00eetrise des langues \u00e9trang\u00e8res (Sont indispensables au moins les trois langues suivantes:&hellip;\" \/>\n<meta property=\"og:url\" content=\"https:\/\/www.il-libro.it\/fr\/offre-demploi\/\" \/>\n<meta property=\"og:site_name\" content=\"Il Libro - Libreria Internazionale\" \/>\n<meta property=\"article:publisher\" content=\"https:\/\/www.facebook.com\/IL-LIBRO-Libreria-Internazionale-2127680667458029\/?fref=ts\" \/>\n<meta property=\"article:modified_time\" content=\"2019-01-18T13:37:35+00:00\" \/>\n<meta name=\"twitter:card\" content=\"summary_large_image\" \/>\n<meta name=\"twitter:label1\" content=\"Dur\u00e9e de lecture estim\u00e9e\" \/>\n\t<meta name=\"twitter:data1\" content=\"1 minute\" \/>\n<script type=\"application\/ld+json\" class=\"yoast-schema-graph\">{\"@context\":\"https:\/\/schema.org\",\"@graph\":[{\"@type\":\"Organization\",\"@id\":\"https:\/\/www.il-libro.it\/#organization\",\"name\":\"il libro libreria internazionale\",\"url\":\"https:\/\/www.il-libro.it\/\",\"sameAs\":[\"https:\/\/www.facebook.com\/IL-LIBRO-Libreria-Internazionale-2127680667458029\/?fref=ts\",\"https:\/\/www.instagram.com\/il.libro.internazionale\/\"],\"logo\":{\"@type\":\"ImageObject\",\"@id\":\"https:\/\/www.il-libro.it\/#logo\",\"inLanguage\":\"fr-FR\",\"url\":\"https:\/\/www.il-libro.it\/wp-content\/uploads\/2017\/03\/logo.png\",\"contentUrl\":\"https:\/\/www.il-libro.it\/wp-content\/uploads\/2017\/03\/logo.png\",\"width\":180,\"height\":90,\"caption\":\"il libro libreria internazionale\"},\"image\":{\"@id\":\"https:\/\/www.il-libro.it\/#logo\"}},{\"@type\":\"WebSite\",\"@id\":\"https:\/\/www.il-libro.it\/#website\",\"url\":\"https:\/\/www.il-libro.it\/\",\"name\":\"Il Libro - Libreria Internazionale\",\"description\":\"Benvenuti nella libreria internazionale\",\"publisher\":{\"@id\":\"https:\/\/www.il-libro.it\/#organization\"},\"potentialAction\":[{\"@type\":\"SearchAction\",\"target\":{\"@type\":\"EntryPoint\",\"urlTemplate\":\"https:\/\/www.il-libro.it\/?s={search_term_string}\"},\"query-input\":\"required name=search_term_string\"}],\"inLanguage\":\"fr-FR\"},{\"@type\":\"WebPage\",\"@id\":\"https:\/\/www.il-libro.it\/fr\/offre-demploi\/#webpage\",\"url\":\"https:\/\/www.il-libro.it\/fr\/offre-demploi\/\",\"name\":\"Offre d'emploi - Il Libro - Libreria Internazionale\",\"isPartOf\":{\"@id\":\"https:\/\/www.il-libro.it\/#website\"},\"datePublished\":\"2019-01-18T13:35:47+00:00\",\"dateModified\":\"2019-01-18T13:37:35+00:00\",\"breadcrumb\":{\"@id\":\"https:\/\/www.il-libro.it\/fr\/offre-demploi\/#breadcrumb\"},\"inLanguage\":\"fr-FR\",\"potentialAction\":[{\"@type\":\"ReadAction\",\"target\":[\"https:\/\/www.il-libro.it\/fr\/offre-demploi\/\"]}]},{\"@type\":\"BreadcrumbList\",\"@id\":\"https:\/\/www.il-libro.it\/fr\/offre-demploi\/#breadcrumb\",\"itemListElement\":[{\"@type\":\"ListItem\",\"position\":1,\"name\":\"Home\",\"item\":\"https:\/\/www.il-libro.it\/fr\/\"},{\"@type\":\"ListItem\",\"position\":2,\"name\":\"Offre d&#8217;emploi\"}]}]}<\/script>\n<!-- \/ Yoast SEO plugin. -->","yoast_head_json":{"title":"Offre d'emploi - Il Libro - Libreria Internazionale","robots":{"index":"index","follow":"follow","max-snippet":"max-snippet:-1","max-image-preview":"max-image-preview:large","max-video-preview":"max-video-preview:-1"},"canonical":"https:\/\/www.il-libro.it\/fr\/offre-demploi\/","og_locale":"fr_FR","og_type":"article","og_title":"Offre d'emploi - Il Libro - Libreria Internazionale","og_description":"[vc_row full_width=\u00a0\u00bbstretch_row_content_no_spaces\u00a0\u00bb][vc_column][vc_raw_html]JTNDc2VjdGlvbiUyMGNsYXNzJTNEJTIyaGVhZGVyLXBhZ2UlMjBibG9nLWhlYWRlci1ncmlkJTIyJTIwc3R5bGUlM0QlMjJiYWNrZ3JvdW5kLWltYWdlJTNBJTIwdXJsJTI4aHR0cCUzQSUyRiUyRnd3dy5tbGF3b3JsZC5jb20lMkZibG9nJTJGd3AtY29udGVudCUyRnVwbG9hZHMlMkYyMDE2JTJGMTElMkZsZXRzLXdvcmstdG9nZXRoZXIuanBnJTI5JTIyJTNFJTBBJTNDZGl2JTIwY2xhc3MlM0QlMjJjb250YWluZXIlMjIlM0UlMEElM0NzcGFuJTIwY2xhc3MlM0QlMjJ0aXRsZS1wYWdlJTIyJTNFT2ZmcmUlMjBkJTI3ZW1wbG9pJTNDJTJGc3BhbiUzRSUwQSUzQyUyRmRpdiUzRSUwQSUzQyUyRnNlY3Rpb24lM0U=[\/vc_raw_html][\/vc_column][\/vc_row][vc_row full_width=\u00a0\u00bbstretch_row_content_no_spaces_content\u00a0\u00bb][vc_column][vc_column_text]A ce jour nous ne sommes pas \u00e0 la recherche de personnel suppl\u00e9mentaire. Cependant si vous correspondez aux crit\u00e8res ci-dessous, vous pouvez nous faire parvenir votre CV, nous ne manquerons pas de vous contacter en cas d\u2019\u00e9ventuels besoins ult\u00e9rieurs. Tr\u00e8s bonne ma\u00eetrise des langues \u00e9trang\u00e8res (Sont indispensables au moins les trois langues suivantes:&hellip;","og_url":"https:\/\/www.il-libro.it\/fr\/offre-demploi\/","og_site_name":"Il Libro - Libreria Internazionale","article_publisher":"https:\/\/www.facebook.com\/IL-LIBRO-Libreria-Internazionale-2127680667458029\/?fref=ts","article_modified_time":"2019-01-18T13:37:35+00:00","twitter_card":"summary_large_image","twitter_misc":{"Dur\u00e9e de lecture estim\u00e9e":"1 minute"},"schema":{"@context":"https:\/\/schema.org","@graph":[{"@type":"Organization","@id":"https:\/\/www.il-libro.it\/#organization","name":"il libro libreria internazionale","url":"https:\/\/www.il-libro.it\/","sameAs":["https:\/\/www.facebook.com\/IL-LIBRO-Libreria-Internazionale-2127680667458029\/?fref=ts","https:\/\/www.instagram.com\/il.libro.internazionale\/"],"logo":{"@type":"ImageObject","@id":"https:\/\/www.il-libro.it\/#logo","inLanguage":"fr-FR","url":"https:\/\/www.il-libro.it\/wp-content\/uploads\/2017\/03\/logo.png","contentUrl":"https:\/\/www.il-libro.it\/wp-content\/uploads\/2017\/03\/logo.png","width":180,"height":90,"caption":"il libro libreria internazionale"},"image":{"@id":"https:\/\/www.il-libro.it\/#logo"}},{"@type":"WebSite","@id":"https:\/\/www.il-libro.it\/#website","url":"https:\/\/www.il-libro.it\/","name":"Il Libro - Libreria Internazionale","description":"Benvenuti nella libreria internazionale","publisher":{"@id":"https:\/\/www.il-libro.it\/#organization"},"potentialAction":[{"@type":"SearchAction","target":{"@type":"EntryPoint","urlTemplate":"https:\/\/www.il-libro.it\/?s={search_term_string}"},"query-input":"required name=search_term_string"}],"inLanguage":"fr-FR"},{"@type":"WebPage","@id":"https:\/\/www.il-libro.it\/fr\/offre-demploi\/#webpage","url":"https:\/\/www.il-libro.it\/fr\/offre-demploi\/","name":"Offre d'emploi - Il Libro - Libreria Internazionale","isPartOf":{"@id":"https:\/\/www.il-libro.it\/#website"},"datePublished":"2019-01-18T13:35:47+00:00","dateModified":"2019-01-18T13:37:35+00:00","breadcrumb":{"@id":"https:\/\/www.il-libro.it\/fr\/offre-demploi\/#breadcrumb"},"inLanguage":"fr-FR","potentialAction":[{"@type":"ReadAction","target":["https:\/\/www.il-libro.it\/fr\/offre-demploi\/"]}]},{"@type":"BreadcrumbList","@id":"https:\/\/www.il-libro.it\/fr\/offre-demploi\/#breadcrumb","itemListElement":[{"@type":"ListItem","position":1,"name":"Home","item":"https:\/\/www.il-libro.it\/fr\/"},{"@type":"ListItem","position":2,"name":"Offre d&#8217;emploi"}]}]}},"_links":{"self":[{"href":"https:\/\/www.il-libro.it\/fr\/wp-json\/wp\/v2\/pages\/61987"}],"collection":[{"href":"https:\/\/www.il-libro.it\/fr\/wp-json\/wp\/v2\/pages"}],"about":[{"href":"https:\/\/www.il-libro.it\/fr\/wp-json\/wp\/v2\/types\/page"}],"author":[{"embeddable":true,"href":"https:\/\/www.il-libro.it\/fr\/wp-json\/wp\/v2\/users\/3"}],"replies":[{"embeddable":true,"href":"https:\/\/www.il-libro.it\/fr\/wp-json\/wp\/v2\/comments?post=61987"}],"version-history":[{"count":0,"href":"https:\/\/www.il-libro.it\/fr\/wp-json\/wp\/v2\/pages\/61987\/revisions"}],"wp:attachment":[{"href":"https:\/\/www.il-libro.it\/fr\/wp-json\/wp\/v2\/media?parent=61987"}],"curies":[{"name":"wp","href":"https:\/\/api.w.org\/{rel}","templated":true}]}}

<p>[vc_row full_width= »stretch_row_content_no_spaces »][vc_column][vc_raw_html]JTNDc2VjdGlvbiUyMGNsYXNzJTNEJTIyaGVhZGVyLXBhZ2UlMjBibG9nLWhlYWRlci1ncmlkJTIyJTIwc3R5bGUlM0QlMjJiYWNrZ3JvdW5kLWltYWdlJTNBJTIwdXJsJTI4aHR0cCUzQSUyRiUyRnd3dy5tbGF3b3JsZC5jb20lMkZibG9nJTJGd3AtY29udGVudCUyRnVwbG9hZHMlMkYyMDE2JTJGMTElMkZsZXRzLXdvcmstdG9nZXRoZXIuanBnJTI5JTIyJTNFJTBBJTNDZGl2JTIwY2xhc3MlM0QlMjJjb250YWluZXIlMjIlM0UlMEElM0NzcGFuJTIwY2xhc3MlM0QlMjJ0aXRsZS1wYWdlJTIyJTNFT2ZmcmUlMjBkJTI3ZW1wbG9pJTNDJTJGc3BhbiUzRSUwQSUzQyUyRmRpdiUzRSUwQSUzQyUyRnNlY3Rpb24lM0U=[/vc_raw_html][/vc_column][/vc_row][vc_row full_width= »stretch_row_content_no_spaces_content »][vc_column][vc_column_text]A ce jour nous ne sommes pas à la recherche de personnel supplémentaire. Cependant si vous correspondez aux critères ci-dessous, vous pouvez nous faire parvenir votre CV, nous ne manquerons pas de vous contacter en cas d’éventuels besoins ultérieurs.</p>
<ul>
<li>Très bonne maîtrise des langues étrangères (Sont indispensables au moins les trois langues suivantes: italien, allemand et anglais)</li>
<li>Capacités de résolution de problèmes,</li>
<li>Flexibilité,</li>
<li>Capacité de travail en groupe et en autonomie.</li>
</ul>
<p>&nbsp;</p>
<p>Vous pouvez nous faire parvenir votre CV par mail à l’adresse <strong><a href="mailto:info@www.il-libro.it">info@www.il-libro.it</a></strong>[/vc_column_text][/vc_column][/vc_row][vc_row][vc_column][vc_empty_space height= »120px »][/vc_column][/vc_row]</p>

<p>[vc_row full_width= »stretch_row_content_no_spaces »][vc_column][vc_raw_html]JTNDc2VjdGlvbiUyMGNsYXNzJTNEJTIyaGVhZGVyLXBhZ2UlMjBibG9nLWhlYWRlci1ncmlkJTIyJTIwc3R5bGUlM0QlMjJiYWNrZ3JvdW5kLWltYWdlJTNBJTIwdXJsJTI4aHR0cCUzQSUyRiUyRnd3dy5tbGF3b3JsZC5jb20lMkZibG9nJTJGd3AtY29udGVudCUyRnVwbG9hZHMlMkYyMDE2JTJGMTElMkZsZXRzLXdvcmstdG9nZXRoZXIuanBnJTI5JTIyJTNFJTBBJTNDZGl2JTIwY2xhc3MlM0QlMjJjb250YWluZXIlMjIlM0UlMEElM0NzcGFuJTIwY2xhc3MlM0QlMjJ0aXRsZS1wYWdlJTIyJTNFT2ZmcmUlMjBkJTI3ZW1wbG9pJTNDJTJGc3BhbiUzRSUwQSUzQyUyRmRpdiUzRSUwQSUzQyUyRnNlY3Rpb24lM0U=[/vc_raw_html][/vc_column][/vc_row][vc_row full_width= »stretch_row_content_no_spaces_content »][vc_column][vc_column_text]A ce jour nous ne sommes pas à la recherche de personnel supplémentaire. Cependant si vous correspondez aux critères ci-dessous, vous pouvez nous faire parvenir votre CV, nous ne manquerons pas de vous contacter en cas d’éventuels besoins ultérieurs. Très bonne maîtrise des langues étrangères (Sont indispensables au moins les trois langues suivantes:&hellip;</p>

<!-- This site is optimized with the Yoast SEO plugin v17.2.1 - https://yoast.com/wordpress/plugins/seo/ -->
<title>Offre d&#039;emploi - Il Libro - Libreria Internazionale</title>
<meta name="robots" content="index, follow, max-snippet:-1, max-image-preview:large, max-video-preview:-1" />
<link rel="canonical" href="https://www.il-libro.it/fr/offre-demploi/" />
<meta property="og:locale" content="fr_FR" />
<meta property="og:type" content="article" />
<meta property="og:title" content="Offre d&#039;emploi - Il Libro - Libreria Internazionale" />
<meta property="og:description" content="[vc_row full_width= »stretch_row_content_no_spaces »][vc_column][vc_raw_html]JTNDc2VjdGlvbiUyMGNsYXNzJTNEJTIyaGVhZGVyLXBhZ2UlMjBibG9nLWhlYWRlci1ncmlkJTIyJTIwc3R5bGUlM0QlMjJiYWNrZ3JvdW5kLWltYWdlJTNBJTIwdXJsJTI4aHR0cCUzQSUyRiUyRnd3dy5tbGF3b3JsZC5jb20lMkZibG9nJTJGd3AtY29udGVudCUyRnVwbG9hZHMlMkYyMDE2JTJGMTElMkZsZXRzLXdvcmstdG9nZXRoZXIuanBnJTI5JTIyJTNFJTBBJTNDZGl2JTIwY2xhc3MlM0QlMjJjb250YWluZXIlMjIlM0UlMEElM0NzcGFuJTIwY2xhc3MlM0QlMjJ0aXRsZS1wYWdlJTIyJTNFT2ZmcmUlMjBkJTI3ZW1wbG9pJTNDJTJGc3BhbiUzRSUwQSUzQyUyRmRpdiUzRSUwQSUzQyUyRnNlY3Rpb24lM0U=[/vc_raw_html][/vc_column][/vc_row][vc_row full_width= »stretch_row_content_no_spaces_content »][vc_column][vc_column_text]A ce jour nous ne sommes pas à la recherche de personnel supplémentaire. Cependant si vous correspondez aux critères ci-dessous, vous pouvez nous faire parvenir votre CV, nous ne manquerons pas de vous contacter en cas d’éventuels besoins ultérieurs. Très bonne maîtrise des langues étrangères (Sont indispensables au moins les trois langues suivantes:&hellip;" />
<meta property="og:url" content="https://www.il-libro.it/fr/offre-demploi/" />
<meta property="og:site_name" content="Il Libro - Libreria Internazionale" />
<meta property="article:publisher" content="https://www.facebook.com/IL-LIBRO-Libreria-Internazionale-2127680667458029/?fref=ts" />
<meta property="article:modified_time" content="2019-01-18T13:37:35+00:00" />
<meta name="twitter:card" content="summary_large_image" />
<meta name="twitter:label1" content="Durée de lecture estimée" />
	<meta name="twitter:data1" content="1 minute" />
<script type="application/ld+json" class="yoast-schema-graph">{"@context":"https://schema.org","@graph":[{"@type":"Organization","@id":"https://www.il-libro.it/#organization","name":"il libro libreria internazionale","url":"https://www.il-libro.it/","sameAs":["https://www.facebook.com/IL-LIBRO-Libreria-Internazionale-2127680667458029/?fref=ts","https://www.instagram.com/il.libro.internazionale/"],"logo":{"@type":"ImageObject","@id":"https://www.il-libro.it/#logo","inLanguage":"fr-FR","url":"https://www.il-libro.it/wp-content/uploads/2017/03/logo.png","contentUrl":"https://www.il-libro.it/wp-content/uploads/2017/03/logo.png","width":180,"height":90,"caption":"il libro libreria internazionale"},"image":{"@id":"https://www.il-libro.it/#logo"}},{"@type":"WebSite","@id":"https://www.il-libro.it/#website","url":"https://www.il-libro.it/","name":"Il Libro - Libreria Internazionale","description":"Benvenuti nella libreria internazionale","publisher":{"@id":"https://www.il-libro.it/#organization"},"potentialAction":[{"@type":"SearchAction","target":{"@type":"EntryPoint","urlTemplate":"https://www.il-libro.it/?s={search_term_string}"},"query-input":"required name=search_term_string"}],"inLanguage":"fr-FR"},{"@type":"WebPage","@id":"https://www.il-libro.it/fr/offre-demploi/#webpage","url":"https://www.il-libro.it/fr/offre-demploi/","name":"Offre d'emploi - Il Libro - Libreria Internazionale","isPartOf":{"@id":"https://www.il-libro.it/#website"},"datePublished":"2019-01-18T13:35:47+00:00","dateModified":"2019-01-18T13:37:35+00:00","breadcrumb":{"@id":"https://www.il-libro.it/fr/offre-demploi/#breadcrumb"},"inLanguage":"fr-FR","potentialAction":[{"@type":"ReadAction","target":["https://www.il-libro.it/fr/offre-demploi/"]}]},{"@type":"BreadcrumbList","@id":"https://www.il-libro.it/fr/offre-demploi/#breadcrumb","itemListElement":[{"@type":"ListItem","position":1,"name":"Home","item":"https://www.il-libro.it/fr/"},{"@type":"ListItem","position":2,"name":"Offre d&#8217;emploi"}]}]}</script>
<!-- / Yoast SEO plugin. -->

[vc_row full_width= »stretch_row_content_no_spaces »][vc_column][vc_raw_html]JTNDc2VjdGlvbiUyMGNsYXNzJTNEJTIyaGVhZGVyLXBhZ2UlMjBibG9nLWhlYWRlci1ncmlkJTIyJTIwc3R5bGUlM0QlMjJiYWNrZ3JvdW5kLWltYWdlJTNBJTIwdXJsJTI4aHR0cCUzQSUyRiUyRnd3dy5tbGF3b3JsZC5jb20lMkZibG9nJTJGd3AtY29udGVudCUyRnVwbG9hZHMlMkYyMDE2JTJGMTElMkZsZXRzLXdvcmstdG9nZXRoZXIuanBnJTI5JTIyJTNFJTBBJTNDZGl2JTIwY2xhc3MlM0QlMjJjb250YWluZXIlMjIlM0UlMEElM0NzcGFuJTIwY2xhc3MlM0QlMjJ0aXRsZS1wYWdlJTIyJTNFT2ZmcmUlMjBkJTI3ZW1wbG9pJTNDJTJGc3BhbiUzRSUwQSUzQyUyRmRpdiUzRSUwQSUzQyUyRnNlY3Rpb24lM0U=[/vc_raw_html][/vc_column][/vc_row][vc_row full_width= »stretch_row_content_no_spaces_content »][vc_column][vc_column_text]A ce jour nous ne sommes pas à la recherche de personnel supplémentaire. Cependant si vous correspondez aux critères ci-dessous, vous pouvez nous faire parvenir votre CV, nous ne manquerons pas de vous contacter en cas d’éventuels besoins ultérieurs. Très bonne maîtrise des langues étrangères (Sont indispensables au moins les trois langues suivantes:&hellip;
